
What is the millions digit of 1427734310?
7
What is the units digit of 27340790?
0
What is the ten thousands digit of 93292287?
9
What is the ten millions digit of 29665326?
2
What is the hundreds digit of 25032932?
9
What is the hundreds digit of 222737574?
5
What is the hundreds digit of 187654822?
8
What is the units digit of 629034880?
0
What is the millions digit of 527914651?
7
What is the thousands digit of 122988864?
8
What is the ten thousands digit of 60808057?
0
What is the hundred thousands digit of 112737923?
7
What is the millions digit of 4129913458?
9
What is the tens digit of 24144997?
9
What is the tens digit of 140475350?
5
What is the thousands digit of 47517811?
7
What is the millions digit of 4786462683?
6
What is the thousands digit of 686106910?
6
What is the tens digit of 2791270?
7
What is the billions digit of 1026845751?
1
What is the tens digit of 33370722?
2
What is the millions digit of 347774250?
7
What is the ten thousands digit of 13634596?
3
What is the tens digit of 40900511?
1
What is the tens digit of 152722848?
4
What is the ten millions digit of 278432718?
7
What is the units digit of 71900032?
2
What is the hundreds digit of 548259965?
9
What is the hundred millions digit of 502284237?
5
What is the ten thousands digit of 61906744?
0
What is the ten thousands digit of 50123224?
2
What is the ten millions digit of 3444845672?
4
What is the hundreds digit of 68535289?
2
What is the hundreds digit of 152203275?
2
What is the ten thousands digit of 1838428947?
2
What is the hundred thousands digit of 1499956403?
9
What is the hundred thousands digit of 1143412954?
4
What is the units digit of 1923376203?
3
What is the hundred millions digit of 446759409?
4
What is the tens digit of 106802074?
7
What is the hundred thousands digit of 272058929?
0
What is the hundreds digit of 67518447?
4
What is the ten millions digit of 102159088?
0
What is the hundred thousands digit of 11925571?
9
What is the units digit of 171563689?
9
What is the millions digit of 1509094720?
9
What is the billions digit of 1223166164?
1
What is the thousands digit of 1737563124?
3
What is the units digit of 2616931439?
9
What is the ten millions digit of 93360113?
9
What is the hundred thousands digit of 1840116?
8
What is the tens digit of 61845161?
6
What is the ten millions digit of 250665808?
5
What is the hundreds digit of 170333684?
6
What is the ten thousands digit of 856020741?
2
What is the units digit of 275321092?
2
What is the hundred thousands digit of 41740710?
7
What is the thousands digit of 26396207?
6
What is the hundred thousands digit of 40722467?
7
What is the units digit of 3157871843?
3
What is the millions digit of 3263863?
3
What is the hundred thousands digit of 1795103?
7
What is the hundred thousands digit of 64465414?
4
What is the units digit of 11708581?
1
What is the hundred thousands digit of 6813104066?
1
What is the tens digit of 1030300589?
8
What is the units digit of 38059703?
3
What is the billions digit of 1555213831?
1
What is the millions digit of 361993647?
1
What is the millions digit of 3081228?
3
What is the hundred millions digit of 249088568?
2
What is the units digit of 459517171?
1
What is the units digit of 79057974?
4
What is the units digit of 1443423165?
5
What is the hundreds digit of 1778742154?
1
What is the thousands digit of 683673010?
3
What is the tens digit of 4331494750?
5
What is the hundred millions digit of 1606038063?
6
What is the millions digit of 988574775?
8
What is the ten thousands digit of 45476134?
7
What is the hundred thousands digit of 524742720?
7
What is the tens digit of 15603249?
4
What is the ten millions digit of 116622037?
1
What is the tens digit of 3161627805?
0
What is the millions digit of 125121142?
5
What is the hundreds digit of 564836717?
7
What is the ten millions digit of 21919322?
2
What is the hundreds digit of 179362250?
2
What is the hundred thousands digit of 9469099?
4
What is the ten thousands digit of 5680210?
8
What is the ten thousands digit of 1824766426?
6
What is the hundred thousands digit of 19978064?
9
What is the units digit of 3770546779?
9
What is the units digit of 611984471?
1
What is the ten thousands digit of 2411466702?
6
What is the units digit of 726881466?
6
What is the millions digit of 248660832?
8
What is the tens digit of 7891535950?
5
What is the ten millions digit of 40014291?
4
What is the hundred thousands digit of 63747125?
7
What is the hundreds digit of 2190258360?
3
What is the thousands digit of 199153944?
3
What is the hundred thousands digit of 720445177?
4
What is the ten millions digit of 358526525?
5
What is the ten millions digit of 1442801999?
4
What is the thousands digit of 856902317?
2
What is the tens digit of 360104695?
9
What is the hundreds digit of 86883863?
8
What is the tens digit of 520174066?
6
What is the hundreds digit of 3829956721?
7
What is the millions digit of 68390217?
8
What is the millions digit of 44304879?
4
What is the ten millions digit of 63334037?
6
What is the thousands digit of 1820504844?
4
What is the hundred millions digit of 2188839541?
1
What is the units digit of 71171706?
6
What is the hundred thousands digit of 110908709?
9
What is the hundreds digit of 867123444?
4
What is the units digit of 72678400?
0
What is the ten thousands digit of 26176751?
7
What is the millions digit of 51374708?
1
What is the hundreds digit of 5423951946?
9
What is the hundred thousands digit of 540913191?
9
What is the ten thousands digit of 470106021?
0
What is the ten thousands digit of 692351727?
5
What is the ten thousands digit of 5488709243?
0
What is the ten millions digit of 41861577?
4
What is the ten millions digit of 30434327?
3
What is the tens digit of 568645819?
1
What is the ten millions digit of 150374591?
5
What is the tens digit of 56257112?
1
What is the ten thousands digit of 81862991?
6
What is the hundred thousands digit of 19223582?
2
What is the ten millions digit of 220052679?
2
What is the thousands digit of 1364802327?
2
What is the ten thousands digit of 22452869?
5
What is the hundred millions digit of 315314585?
3
What is the hundred thousands digit of 269859082?
8
What is the units digit of 28708988?
8
What is the hundreds digit of 75537255?
2
What is the ten thousands digit of 272832735?
3
What is the tens digit of 1892828443?
4
What is the millions digit of 42064724?
2
What is the hundred thousands digit of 31485327?
4
What is the units digit of 285387902?
2
What is the ten thousands digit of 114017562?
1
What is the millions digit of 385034807?
5
What is the units digit of 2196238872?
2
What is the hundred thousands digit of 86664413?
6
What is the thousands digit of 36680220?
0
What is the hundreds digit of 483005056?
0
What is the tens digit of 132756713?
1
What is the thousands digit of 89181513?
1
What is the billions digit of 1959822709?
1
What is the ten millions digit of 94102102?
9
What is the tens digit of 62543728?
2
What is the millions digit of 739123998?
9
What is the hundreds digit of 75085257?
2
What is the ten thousands digit of 628161261?
6
What is the ten thousands digit of 334360950?
6
What is the units digit of 35500377?
7
What is the thousands digit of 115854566?
4
What is the tens digit of 18113432?
3
What is the tens digit of 154202269?
6
What is the thousands digit of 275339958?
9
What is the hundreds digit of 111673127?
1
What is the hundred millions digit of 196002711?
1
What is the units digit of 72254086?
6
What is the tens digit of 607982790?
9
What is the hundred thousands digit of 4105903135?
9
What is the units digit of 483044650?
0
What is the ten millions digit of 357743267?
5
What is the hundred millions digit of 2681992463?
6
What is the hundred millions digit of 577476438?
5
What is the ten millions digit of 41640582?
4
What is the hundred millions digit of 2933743321?
9
What is the units digit of 705918330?
0
What is the millions digit of 11964024?
1
What is the hundred millions digit of 1419105376?
4
What is the millions digit of 1250059981?
0
What is the thousands digit of 17352183?
2
What is the hundreds digit of 164469196?
1
What is the hundred thousands digit of 655577972?
5
What is the tens digit o